[INFO] fetching crate drmemd 0.2.0...
[INFO] checking drmemd-0.2.0 against master#e6e4f7ed1589e03bc2f6c5931c1a72e7947e8682 for beta-170-4
[INFO] extracting crate drmemd 0.2.0 into /workspace/builds/worker-1-tc2/source
[INFO] validating manifest of crates.io crate drmemd 0.2.0 on toolchain e6e4f7ed1589e03bc2f6c5931c1a72e7947e8682
[INFO] running `Command { std: CARGO_HOME="/workspace/cargo-home" RUSTUP_HOME="/workspace/rustup-home" "/workspace/cargo-home/bin/cargo" "+e6e4f7ed1589e03bc2f6c5931c1a72e7947e8682" "metadata" "--manifest-path" "Cargo.toml" "--no-deps", kill_on_drop: false }`
[INFO] started tweaking crates.io crate drmemd 0.2.0
[INFO] finished tweaking crates.io crate drmemd 0.2.0
[INFO] tweaked toml for crates.io crate drmemd 0.2.0 written to /workspace/builds/worker-1-tc2/source/Cargo.toml
[INFO] crate crates.io crate drmemd 0.2.0 already has a lockfile, it will not be regenerated
[INFO] running `Command { std: CARGO_HOME="/workspace/cargo-home" RUSTUP_HOME="/workspace/rustup-home" "/workspace/cargo-home/bin/cargo" "+e6e4f7ed1589e03bc2f6c5931c1a72e7947e8682" "fetch" "--manifest-path" "Cargo.toml", kill_on_drop: false }`
[INFO] running `Command { std: "docker" "create" "-v" "/var/lib/crater-agent-workspace/builds/worker-1-tc2/target:/opt/rustwide/target:rw,Z" "-v" "/var/lib/crater-agent-workspace/builds/worker-1-tc2/source:/opt/rustwide/workdir:ro,Z" "-v" "/var/lib/crater-agent-workspace/cargo-home:/opt/rustwide/cargo-home:ro,Z" "-v" "/var/lib/crater-agent-workspace/rustup-home:/opt/rustwide/rustup-home:ro,Z" "-e" "SOURCE_DIR=/opt/rustwide/workdir" "-e" "CARGO_TARGET_DIR=/opt/rustwide/target" "-e" "CARGO_HOME=/opt/rustwide/cargo-home" "-e" "RUSTUP_HOME=/opt/rustwide/rustup-home" "-w" "/opt/rustwide/workdir" "-m" "1610612736" "--user" "0:0" "--network" "none" "ghcr.io/rust-lang/crates-build-env/linux@sha256:19e73879b68f455e41552ea35293514db52ea292d993f571636dbffedb77a1ee" "/opt/rustwide/cargo-home/bin/cargo" "+e6e4f7ed1589e03bc2f6c5931c1a72e7947e8682" "metadata" "--no-deps" "--format-version=1", kill_on_drop: false }`
[INFO] [stdout] 34e0738f9328a85c41ef33b43f6f4eced57dc9230b985e72899dbacdc04758e5
[INFO] running `Command { std: "docker" "start" "-a" "34e0738f9328a85c41ef33b43f6f4eced57dc9230b985e72899dbacdc04758e5", kill_on_drop: false }`
[INFO] running `Command { std: "docker" "inspect" "34e0738f9328a85c41ef33b43f6f4eced57dc9230b985e72899dbacdc04758e5", kill_on_drop: false }`
[INFO] running `Command { std: "docker" "rm" "-f" "34e0738f9328a85c41ef33b43f6f4eced57dc9230b985e72899dbacdc04758e5", kill_on_drop: false }`
[INFO] [stdout] 34e0738f9328a85c41ef33b43f6f4eced57dc9230b985e72899dbacdc04758e5
[INFO] running `Command { std: "docker" "create" "-v" "/var/lib/crater-agent-workspace/builds/worker-1-tc2/target:/opt/rustwide/target:rw,Z" "-v" "/var/lib/crater-agent-workspace/builds/worker-1-tc2/source:/opt/rustwide/workdir:ro,Z" "-v" "/var/lib/crater-agent-workspace/cargo-home:/opt/rustwide/cargo-home:ro,Z" "-v" "/var/lib/crater-agent-workspace/rustup-home:/opt/rustwide/rustup-home:ro,Z" "-e" "SOURCE_DIR=/opt/rustwide/workdir" "-e" "CARGO_TARGET_DIR=/opt/rustwide/target" "-e" "CARGO_INCREMENTAL=0" "-e" "RUST_BACKTRACE=full" "-e" "RUSTFLAGS=--cap-lints=forbid" "-e" "RUSTDOCFLAGS=--cap-lints=forbid" "-e" "CARGO_HOME=/opt/rustwide/cargo-home" "-e" "RUSTUP_HOME=/opt/rustwide/rustup-home" "-w" "/opt/rustwide/workdir" "-m" "1610612736" "--user" "0:0" "--network" "none" "ghcr.io/rust-lang/crates-build-env/linux@sha256:19e73879b68f455e41552ea35293514db52ea292d993f571636dbffedb77a1ee" "/opt/rustwide/cargo-home/bin/cargo" "+e6e4f7ed1589e03bc2f6c5931c1a72e7947e8682" "check" "--frozen" "--all" "--all-targets" "--message-format=json", kill_on_drop: false }`
[INFO] [stdout] df59c53962634a573beeefde2c33de6f5399e3a353dfc8ba1a975d63a1098a0a
[INFO] running `Command { std: "docker" "start" "-a" "df59c53962634a573beeefde2c33de6f5399e3a353dfc8ba1a975d63a1098a0a", kill_on_drop: false }`
[INFO] [stderr]    Compiling libc v0.2.141
[INFO] [stderr]    Compiling thiserror v1.0.40
[INFO] [stderr]    Compiling serde_derive v1.0.159
[INFO] [stderr]    Compiling serde v1.0.159
[INFO] [stderr]    Compiling syn v1.0.109
[INFO] [stderr]    Compiling ucd-trie v0.1.5
[INFO] [stderr]    Compiling anyhow v1.0.70
[INFO] [stderr]    Compiling rustversion v1.0.12
[INFO] [stderr]    Compiling time-core v0.1.0
[INFO] [stderr]    Compiling proc-macro2 v1.0.56
[INFO] [stderr]    Compiling num-traits v0.2.15
[INFO] [stderr]    Compiling indexmap v1.9.3
[INFO] [stderr]     Checking regex-syntax v0.6.29
[INFO] [stderr]    Compiling rustix v0.37.7
[INFO] [stderr]     Checking tracing-core v0.1.30
[INFO] [stderr]    Compiling time v0.3.20
[INFO] [stderr]    Compiling tokio v1.27.0
[INFO] [stderr]     Checking linux-raw-sys v0.3.1
[INFO] [stderr]    Compiling futures-channel v0.3.28
[INFO] [stderr]     Checking utf8parse v0.2.1
[INFO] [stderr]    Compiling unicode-width v0.1.10
[INFO] [stderr]    Compiling static_assertions v1.1.0
[INFO] [stderr]    Compiling futures-util v0.3.28
[INFO] [stderr]    Compiling quote v1.0.26
[INFO] [stderr]    Compiling cactus v1.0.6
[INFO] [stderr]    Compiling syn v2.0.13
[INFO] [stderr]    Compiling getopts v0.2.21
[INFO] [stderr]     Checking anstyle-parse v0.1.1
[INFO] [stderr]     Checking concolor-query v0.3.3
[INFO] [stderr]    Compiling serde_json v1.0.95
[INFO] [stderr]     Checking anstyle v0.3.5
[INFO] [stderr]    Compiling proc-macro-error-attr v1.0.4
[INFO] [stderr]     Checking concolor-override v1.0.0
[INFO] [stderr]     Checking clap_lex v0.4.1
[INFO] [stderr]     Checking tracing-log v0.1.3
[INFO] [stderr]     Checking num-integer v0.1.45
[INFO] [stderr]    Compiling vergen v7.5.1
[INFO] [stderr]     Checking io-lifetimes v1.0.10
[INFO] [stderr]     Checking num_cpus v1.15.0
[INFO] [stderr]     Checking mio v0.8.6
[INFO] [stderr]     Checking socket2 v0.4.9
[INFO] [stderr]     Checking time v0.1.45
[INFO] [stderr]     Checking filetime v0.2.20
[INFO] [stderr]     Checking regex v1.7.3
[INFO] [stderr]     Checking regex-automata v0.1.10
[INFO] [stderr]     Checking chrono v0.4.24
[INFO] [stderr]     Checking matchers v0.0.1
[INFO] [stderr]     Checking is-terminal v0.4.6
[INFO] [stderr]     Checking anstream v0.2.6
[INFO] [stderr]     Checking clap_builder v4.2.1
[INFO] [stderr]    Compiling thiserror-impl v1.0.40
[INFO] [stderr]    Compiling tokio-macros v2.0.0
[INFO] [stderr]    Compiling futures-macro v0.3.28
[INFO] [stderr]    Compiling async-trait v0.1.68
[INFO] [stderr]     Checking clap v4.2.1
[INFO] [stderr]    Compiling proc-macro-error v1.0.4
[INFO] [stderr]    Compiling pest v2.5.7
[INFO] [stderr]    Compiling enum-iterator-derive v1.2.0
[INFO] [stderr]    Compiling getset v0.1.2
[INFO] [stderr]    Compiling tracing-attributes v0.1.23
[INFO] [stderr]    Compiling pin-project-internal v1.0.12
[INFO] [stderr]    Compiling enum-iterator v1.4.0
[INFO] [stderr]     Checking pin-project v1.0.12
[INFO] [stderr]    Compiling semver-parser v0.10.2
[INFO] [stderr]     Checking tracing v0.1.37
[INFO] [stderr]     Checking tracing-futures v0.2.5
[INFO] [stderr]    Compiling semver v0.11.0
[INFO] [stderr]    Compiling rustc_version v0.3.3
[INFO] [stderr]     Checking tokio-util v0.7.7
[INFO] [stderr]    Compiling vob v3.0.2
[INFO] [stderr]     Checking tokio-stream v0.1.12
[INFO] [stderr]     Checking futures-executor v0.3.28
[INFO] [stderr]     Checking futures v0.3.28
[INFO] [stderr]    Compiling lrpar v0.13.1
[INFO] [stderr]    Compiling lrlex v0.13.1
[INFO] [stderr]     Checking packedvec v1.2.4
[INFO] [stderr]     Checking bincode v1.3.3
[INFO] [stderr]     Checking toml v0.5.11
[INFO] [stderr]     Checking tracing-serde v0.1.3
[INFO] [stderr]     Checking sparsevec v0.2.0
[INFO] [stderr]     Checking cfgrammar v0.13.1
[INFO] [stderr]     Checking tracing-subscriber v0.2.25
[INFO] [stderr]     Checking drmem-api v0.2.0
[INFO] [stderr]     Checking lrtable v0.13.1
[INFO] [stderr]    Compiling drmemd v0.2.0 (/opt/rustwide/workdir)
[INFO] [stdout] error[E0432]: unresolved import `super::store`
[INFO] [stdout]  --> src/config.rs:1:5
[INFO] [stdout]   |
[INFO] [stdout] 1 | use super::store;
[INFO] [stdout]   |     ^^^^^^^^^^^^ no `store` in the root
[INFO] [stdout] 
[INFO] [stdout] 
[INFO] [stdout] error[E0432]: unresolved import `super::store`
[INFO] [stdout]  --> src/core.rs:1:5
[INFO] [stdout]   |
[INFO] [stdout] 1 | use super::store;
[INFO] [stdout]   |     ^^^^^^^^^^^^ no `store` in the root
[INFO] [stdout] 
[INFO] [stdout] 
[INFO] [stdout] error[E0432]: unresolved import `super::store`
[INFO] [stdout]  --> src/config.rs:1:5
[INFO] [stdout]   |
[INFO] [stdout] 1 | use super::store;
[INFO] [stdout]   |     ^^^^^^^^^^^^ no `store` in the root
[INFO] [stdout] 
[INFO] [stdout] 
[INFO] [stdout] error[E0432]: unresolved import `super::store`
[INFO] [stdout]  --> src/core.rs:1:5
[INFO] [stdout]   |
[INFO] [stdout] 1 | use super::store;
[INFO] [stdout]   |     ^^^^^^^^^^^^ no `store` in the root
[INFO] [stdout] 
[INFO] [stdout] 
[INFO] [stdout] warning: unused import: `FutureExt`
[INFO] [stdout]  --> src/main.rs:6:23
[INFO] [stdout]   |
[INFO] [stdout] 6 | use futures::{future, FutureExt};
[INFO] [stdout]   |                       ^^^^^^^^^
[INFO] [stdout]   |
[INFO] [stdout]   = note: `#[warn(unused_imports)]` on by default
[INFO] [stdout] 
[INFO] [stdout] 
[INFO] [stdout] warning: unused import: `FutureExt`
[INFO] [stdout]  --> src/main.rs:6:23
[INFO] [stdout]   |
[INFO] [stdout] 6 | use futures::{future, FutureExt};
[INFO] [stdout]   |                       ^^^^^^^^^
[INFO] [stdout]   |
[INFO] [stdout]   = note: `#[warn(unused_imports)]` on by default
[INFO] [stdout] 
[INFO] [stdout] 
[INFO] [stdout] warning: unused import: `std::net::Ipv4Addr`
[INFO] [stdout]    --> src/config.rs:247:9
[INFO] [stdout]     |
[INFO] [stdout] 247 |     use std::net::Ipv4Addr;
[INFO] [stdout]     |         ^^^^^^^^^^^^^^^^^^
[INFO] [stdout] 
[INFO] [stdout] 
[INFO] [stdout] warning: unused variable: `tx_clnt_req`
[INFO] [stdout]   --> src/main.rs:90:26
[INFO] [stdout]    |
[INFO] [stdout] 90 |         let (tx_drv_req, tx_clnt_req, core_task) = core::start(&cfg).await?;
[INFO] [stdout]    |                          ^^^^^^^^^^^ help: if this is intentional, prefix it with an underscore: `_tx_clnt_req`
[INFO] [stdout]    |
[INFO] [stdout]    = note: `#[warn(unused_variables)]` on by default
[INFO] [stdout] 
[INFO] [stdout] 
[INFO] [stdout] warning: unused variable: `tx_clnt_req`
[INFO] [stdout]   --> src/main.rs:90:26
[INFO] [stdout]    |
[INFO] [stdout] 90 |         let (tx_drv_req, tx_clnt_req, core_task) = core::start(&cfg).await?;
[INFO] [stdout]    |                          ^^^^^^^^^^^ help: if this is intentional, prefix it with an underscore: `_tx_clnt_req`
[INFO] [stdout]    |
[INFO] [stdout]    = note: `#[warn(unused_variables)]` on by default
[INFO] [stdout] 
[INFO] [stdout] 
[INFO] [stdout] error[E0277]: the size for values of type `dyn Store + std::marker::Send` cannot be known at compilation time
[INFO] [stdout]   --> src/core.rs:20:32
[INFO] [stdout]    |
[INFO] [stdout] 20 |         let backend = Box::new(store::open(&cfg).await?);
[INFO] [stdout]    |                       -------- ^^^^^^^^^^^^^^^^^^^^^^^^ doesn't have a size known at compile-time
[INFO] [stdout]    |                       |
[INFO] [stdout]    |                       required by a bound introduced by this call
[INFO] [stdout]    |
[INFO] [stdout]    = help: the trait `Sized` is not implemented for `dyn Store + std::marker::Send`
[INFO] [stdout] note: required by a bound in `Box::<T>::new`
[INFO] [stdout]   --> /rustc/e6e4f7ed1589e03bc2f6c5931c1a72e7947e8682/library/alloc/src/boxed.rs:215:5
[INFO] [stdout] 
[INFO] [stdout] 
[INFO] [stdout] error[E0277]: the size for values of type `dyn Store + std::marker::Send` cannot be known at compilation time
[INFO] [stdout]   --> src/core.rs:20:55
[INFO] [stdout]    |
[INFO] [stdout] 20 |         let backend = Box::new(store::open(&cfg).await?);
[INFO] [stdout]    |                                                       ^ doesn't have a size known at compile-time
[INFO] [stdout]    |
[INFO] [stdout]    = help: the trait `Sized` is not implemented for `dyn Store + std::marker::Send`
[INFO] [stdout] note: required by a bound in `Break`
[INFO] [stdout]   --> /rustc/e6e4f7ed1589e03bc2f6c5931c1a72e7947e8682/library/core/src/ops/control_flow.rs:93:5
[INFO] [stdout] 
[INFO] [stdout] 
[INFO] [stdout] error[E0277]: the size for values of type `dyn Store + std::marker::Send` cannot be known at compilation time
[INFO] [stdout]   --> src/core.rs:20:32
[INFO] [stdout]    |
[INFO] [stdout] 20 |         let backend = Box::new(store::open(&cfg).await?);
[INFO] [stdout]    |                       -------- ^^^^^^^^^^^^^^^^^^^^^^^^ doesn't have a size known at compile-time
[INFO] [stdout]    |                       |
[INFO] [stdout]    |                       required by a bound introduced by this call
[INFO] [stdout]    |
[INFO] [stdout]    = help: the trait `Sized` is not implemented for `dyn Store + std::marker::Send`
[INFO] [stdout] note: required by a bound in `Box::<T>::new`
[INFO] [stdout]   --> /rustc/e6e4f7ed1589e03bc2f6c5931c1a72e7947e8682/library/alloc/src/boxed.rs:215:5
[INFO] [stdout] 
[INFO] [stdout] 
[INFO] [stdout] error[E0277]: the size for values of type `dyn Store + std::marker::Send` cannot be known at compilation time
[INFO] [stdout]   --> src/core.rs:20:55
[INFO] [stdout]    |
[INFO] [stdout] 20 |         let backend = Box::new(store::open(&cfg).await?);
[INFO] [stdout]    |                                                       ^ doesn't have a size known at compile-time
[INFO] [stdout]    |
[INFO] [stdout]    = help: the trait `Sized` is not implemented for `dyn Store + std::marker::Send`
[INFO] [stdout] note: required by a bound in `Break`
[INFO] [stdout]   --> /rustc/e6e4f7ed1589e03bc2f6c5931c1a72e7947e8682/library/core/src/ops/control_flow.rs:93:5
[INFO] [stdout] 
[INFO] [stdout] 
[INFO] [stdout] error: aborting due to 4 previous errors; 2 warnings emitted
[INFO] [stdout] 
[INFO] [stdout] 
[INFO] [stdout] Some errors have detailed explanations: E0277, E0432.
[INFO] [stdout] 
[INFO] [stdout] For more information about an error, try `rustc --explain E0277`.
[INFO] [stdout] 
[INFO] [stderr] error: could not compile `drmemd` (bin "drmemd") due to 5 previous errors; 2 warnings emitted
[INFO] [stderr] warning: build failed, waiting for other jobs to finish...
[INFO] [stdout] error: aborting due to 4 previous errors; 3 warnings emitted
[INFO] [stdout] 
[INFO] [stdout] 
[INFO] [stdout] Some errors have detailed explanations: E0277, E0432.
[INFO] [stdout] 
[INFO] [stdout] For more information about an error, try `rustc --explain E0277`.
[INFO] [stdout] 
[INFO] [stderr] error: could not compile `drmemd` (bin "drmemd" test) due to 5 previous errors; 3 warnings emitted
[INFO] running `Command { std: "docker" "inspect" "df59c53962634a573beeefde2c33de6f5399e3a353dfc8ba1a975d63a1098a0a", kill_on_drop: false }`
[INFO] running `Command { std: "docker" "rm" "-f" "df59c53962634a573beeefde2c33de6f5399e3a353dfc8ba1a975d63a1098a0a", kill_on_drop: false }`
[INFO] [stdout] df59c53962634a573beeefde2c33de6f5399e3a353dfc8ba1a975d63a1098a0a
